remainder when j(-1) is divided by p?
19
Let w(f) = 3*f**3 + 11*f**2 - 121*f + 578. What is the remainder when 1250 is divided by w(5)?
4
Let w be 10/4*(-180)/(-225). Suppose 0 = w*j - 18*v + 16*v - 96, 185 = 4*j + 3*v. What is the remainder when j is divided by 15 + 1/((-1)/(-2))?
13
Suppose 0 = 11*o - 11730 + 11609. Calculate the remainder when 3332 is divided by o.
10
Suppose 2*d + 9826 = 7*d - 15424. What is the remainder when d is divided by 38?
34
Suppose 5*b = 5*v, 5*v = -4*b - 1 + 19. What is the remainder when 98 is divided by (-1 - (-6 + v))*-1 + 28?
23
Suppose -63*w + 68*w = 20. Suppose w*c + y - 436 = 0, -8*c + 10*c - y - 212 = 0. Calculate the remainder when c is divided by 19.
13
Let z(h) = 2*h. Suppose -24*p + 19*p = 2*o - 198, 2*p - 4 = 0. What is the remainder when o is divided by z(6)?
10
Suppose -s - 54 + 303 = 0. Let v(y) = -319*y + 2603. Calculate the remainder when s is divided by v(8).
45
Suppose -6*p - 50 = -p. Suppose -2*v = -4*i - 40, -2*i - 7 - 1 = 0. Calculate the remainder when v is divided by (-66)/p + (-10)/(-25).
5
Suppose 3*t + 163 = -137. Let l = 117 + t. Calculate the remainder when 66 is divided by l.
15
Let d(c) = 2*c**2 + 27*c - 15. Let m be d(-14). Let u be (1/(m/7))/(3/(-27)). Suppose g + 31 - u = 0. What is the remainder when 89 is divided by g?
25
Let f be ((-10)/8)/(5/(-20)). Suppose 6*b - 4*b + 34 = -2*a, -82 = f*b + 4*a. What is the remainder when 11 is divided by (8/b)/((-3)/42)?
3
Let v = -30 + 47. Let c be (-1 + 43)*48/28. Let w = c - 9. What is the remainder when w is divided by v?
12
What is the remainder when (-5 + (-57)/(-9))*45/20 + 158 is divided by 83?
78
Suppose 152 = 19*y + 1387. Let r = 45 - 24. What is the remainder when (-13)/y - (-609)/5 is divided by r?
17
Suppose 2*q + 2*f - 22 = 0, 2*q + 5*f + 311 = 327. Let g = -13 + 16. Suppose -4*i = -4*c + 132, 0 = -g*i - 6 - 9. What is the remainder when c is divided by q?
2
Let d be (-698)/18 + 3/(54/(-4)). Let r = -43 - d. Let z(a) = a**3 + 6*a**2 + 5*a - 3. Calculate the remainder when z(r) is divided by 6.
3
Let h(x) = 2*x**3 + 35*x**2 - 16*x + 9. Let o be h(-18). Let u(v) = -v**2 - 36*v - 3. What is the remainder when u(o) is divided by 61?
57
Let v(t) = -2*t + 67. Suppose y + 4*n - 110 = -y, -4*y - 3*n + 225 = 0. Calculate the remainder when y is divided by v(19).
28
Suppose -58*m = -79*m + 168. Suppose -5*w + 1 = -4*h, m*h + 2*w = 7*h + 16. Calculate the remainder when 11 is divided by h.
5
Calculate the remainder when 8*74 - ((-420)/(-700) - 12/(-5)) is divided by 292.
5
Suppose -2*s + 477 = -3*x, 4*x = 3*s + 57 - 775. Suppose 1002 = 21*g + 120. What is the remainder when s is divided by g?
36
Suppose u + 16 = 72 + 215. What is the remainder when u is divided by 34?
33
Let t = -219 + 211. What is the remainder when 22 is divided by (-2)/t*0 + 9?
4
Suppose 22*w = 179 + 1009. Calculate the remainder when (1 + 5)/(1 - -1) + 254 is divided by w.
41
Suppose -126*o - 3333 = -159*o. Calculate the remainder when 309 is divided by o.
6
Suppose q - 6 = 9. Suppose -4*i - 21*f = -24*f - 180, -278 = -7*i - 4*f. What is the remainder when i is divided by q?
12
Suppose 1092 = -3*f - 2*g + 5*g, 4*f + 5*g + 1429 = 0. What is the remainder when (-62776)/f + 2/19 is divided by 26?
18
Let b = 20 - 5. Suppose -i + b = 2*w, 0 = -5*w + 2*w + 4*i + 6. Calculate the remainder when (-26)/(-182)*231/3 is divided by w.
5
Let o(c) = c**2 + 41*c + 440. What is the remainder when 448 is divided by o(-26)?
48
Suppose -2*o - 4*b = -b + 850, 0 = -5*o + 4*b - 2148. Let r = o - -497. What is the remainder when r is divided by 8?
5
Let w = -18 - 28. Let y = w + 184. Calculate the remainder when y is divided by 35.
33
Let z(i) = -147*i + 855. What is the remainder when z(5) is divided by 63?
57
Let a = 409 + -409. Calculate the remainder when (a + (-7)/(-21))/(4/1896) is divided by 54.
50
Suppose 863*t - 70500 = 803*t. Calculate the remainder when t is divided by 31.
28
Suppose -5*b = 19*b - 1872. Suppose -b - 69 = -3*q. Calculate the remainder when 118 is divided by q.
20
Let f = -43448 - -43453. Calculate the remainder when 176/(-6)*(-9)/6 is divided by f.
4
Let g(o) = -o + 7. Let z be 5 + (3 - (-6)/(-2)). Let t be g(z). Suppose -t*d + 94 + 238 = 0. What is the remainder when d is divided by 34?
30
Let a(k) = -13*k - 23. Let o be a(-10). Let h = -90 + o. Suppose -5*f + t + 40 = 0, 59 - 12 = 3*f + 4*t. What is the remainder when h is divided by f?
8
Let j = 7740 + -7736. Calculate the remainder when 1838 is divided by j.
2
Suppose 322*i = 330*i + 2192. Let o = 410 + i. Calculate the remainder when o is divided by 42.
10
Let k(a) = a**3 - 8*a**2 + 24*a - 33. Let m be k(10). Let h = m - 301. What is the remainder when h is divided by 8?
2
Let z(h) = h**3 + 7*h**2 - 3*h + 2. Let m = -280 - -287. What is the remainder when z(-4) is divided by m?
6
What is the remainder when 87 is divided by ((-251)/45 - (-18)/(-81))*-5?
0
Suppose -447*n + 563*n = 2784. Calculate the remainder when 153 is divided by n.
9
Suppose 4*s + m - 2493 = 0, -2*s - 3*m - m + 1264 = 0. What is the remainder when s is divided by 13?
11
Let z(p) = p**3 - 2*p. Let l(t) = -7*t**3 + 14*t**2 + 19*t - 27. Let q(r) = l(r) + 5*z(r). Calculate the remainder when q(6) is divided by 17.
14
Let l(y) = y**2 - 2*y + 3. Let m(d) = -2*d**3 - 170*d**2 - 10*d - 638. What is the remainder when m(-85) is divided by l(6)?
23
Let o be ((-124)/(-217))/(2/28). Suppose -142 - 226 = -o*m. What is the remainder when m is divided by 16?
14
Let m = -13216 - -13229. Suppose 0 = 2*a - 6*u + u - 131, -u + 222 = 3*a. Suppose 4*h = -a + 201. Calculate the remainder when h is divided by m.
6
Let u(a) = a**3 - a**2 + 38. What is the remainder when 453/4 - (36/(-78) + 222/312) is divided by u(0)?
37
Let r(y) be the third derivative of 3*y**5/20 - y**4/3 - 5*y**3/2 + 131*y**2. What is the remainder when 183 is divided by r(-2)?
35
Suppose -2*n = -3*o - 254, 548 = 4*n + o - 16. Calculate the remainder when 1046 is divided by n.
73
Let t = -45 + 49. Suppose 15*u = 19*u + t. What is the remainder when 3 + (0 + u)*-51 is divided by 19?
16
Suppose -3*p - 5*f + 265 = 0, 0 = -2*p + 9*f - 7*f + 198. Suppose p*m - 98*m = -18. What is the remainder when 267 is divided by m?
3
Let n(t) = 1 - 2*t**3 + 4*t**3 + 0 - 3*t**3 + 4*t + 2*t**2. Let l be n(-1). Suppose l*h + 5*h - 85 = 0. What is the remainder when h is divided by 13?
4
Let w be (74 - (-2 + 4)) + (-1)/(-1). Let a(j) = j + 3*j**2 + w - 72 - 2*j**2 + 5*j**2. Calculate the remainder when 20 is divided by a(-1).
2
Suppose c + o - 11 = 42, 5*o + 20 = 0. Suppose -11*f - 21*f = -95584. Suppose 3957 = 31*v - f. What is the remainder when v is divided by c?
53
Suppose 51*c = 98*c - 45*c - 280. Calculate the remainder when 157 is divided by c.
17
Let i(b) = -b**2 + 7*b - 6. Let k be i(3). Let f(t) = 5*t**2 - 4*t - 20. Let h be f(k). Suppose 7*q + q = h. Calculate the remainder when 84 is divided by q.
16
Let i be -3*1/(-1)*18/27. Let n(a) = 5*a**2 + 0*a**2 + 2 - 2*a**2 - i*a**2. What is the remainder when 29 is divided by n(-2)?
5
Let o = -2276 - -2760. What is the remainder when o is divided by 27?
25
Suppose -t - 2 = 1, -89 = -2*g - 3*t. Let b be 14/g - 22*(-9)/42. Suppose -16 + 0 = -5*r - n, -b = -r - 2*n. What is the remainder when 17 is divided by r?
2
Suppose -10*o = 5*r - 14*o - 252, 3*r + o = 158. Calculate the remainder when 453 is divided by r.
37
Suppose -100*g + 83*g + 629 = 0. Calculate the remainder when ((-107)/2)/(34/(-68)) is divided by g.
33
Suppose 0 = r - 4*u - 11, 0 = 4*r - 11*u + 10*u - 59. What is the remainder when 88 is divided by (r + -13)*(-18)/(-4)?
7
Suppose -8*l = -10*l + 4. Suppose 24 = l*z - 4*z. Calculate the remainder when 26 is divided by 0/2 + 3/(z/(-32)).
2
Let y = -134 + -47. Let l = y - -371. Let x = 35 - -13. What is the remainder when l is divided by x?
46
Let k(a) = 833 - 1657 + 827 + a. What is the remainder when 269 is divided by k(7)?
9
Let j = 8629 - 7932. What is the remainder when 703 is divided by j?
6
Suppose 3 + 57 = 4*g. Let d = 385 - 383. Suppose j - 60 = -d*y, -153 = -5*y + 4*j - 29. Calculate the remainder when y is divided by g.
13
Let k(l) = -2*l + 11. Let d(v) = -4*v**3 - 17*v**2 - 10*v - 13. Calculate the remainder when d(-5) is divided by k(